{"id":2106,"date":"2024-07-15T11:54:06","date_gmt":"2024-07-15T14:54:06","guid":{"rendered":"https:\/\/educa.homer.com.br\/?post_type=mto-course&#038;p=2106"},"modified":"2024-07-16T15:15:54","modified_gmt":"2024-07-16T18:15:54","slug":"saber-imobiliario-dia-3-resumo","status":"publish","type":"mto-course","link":"https:\/\/educa.homer.com.br\/?mto-course=saber-imobiliario-dia-3-resumo","title":{"rendered":"Saber Imobili\u00e1rio Dia 3 &#8211; Resumo"},"content":{"rendered":"<p>Ser corretor de im\u00f3veis vai al\u00e9m de fechar neg\u00f3cios. \u00c9 estar na linha de frente, mediando desejos e realidades, construindo pontes entre sonhos e conquistas tang\u00edveis. \u00c9 uma jornada que exige n\u00e3o apenas habilidades t\u00e9cnicas, mas tamb\u00e9m empatia, dedica\u00e7\u00e3o e vis\u00e3o.<\/p>\n<p>A quinta edi\u00e7\u00e3o do Saber Imobili\u00e1rio chegou com o tema \u2018Ser e Pertencer\u2019, neste e-book voc\u00ea vai ter acesso ao resumo das palestras, com os principais insights e dicas sobre o mercado imobili\u00e1rio.\u00a0<\/p>\n<h4 class=\"heading-3\"><strong>Somos um produto! Destaque-se na prateleira do mercado.<\/strong><\/h4>\n<div class=\"text-block-2\">\n<div class=\"div-line-point\">Raquel Lacerda, com mais de 15 anos de mercado, \u00e9 uma corretora e empreendedora de sucesso. Fundadora da imobili\u00e1ria Sua Casa Digital, mulher e m\u00e3e, coleciona diversas vit\u00f3rias e conquistas no mercado do Rio de Janeiro. Gerente campe\u00e3 consecutiva por diversas empresas, hoje lidera um time pr\u00f3prio e seleto de corretores de alto padr\u00e3o.<\/p>\n<p>Raquel Lacerda falar\u00e1 para os corretores de im\u00f3veis como um profissional de sucesso se destaca e se posiciona no mercado de im\u00f3veis de luxo. Al\u00e9m disso, a import\u00e2ncia de se tornar um corretor atrativo e valioso aos olhos dos clientes.<\/p>\n<\/div>\n<\/div>\n","protected":false},"excerpt":{"rendered":"<p>Ser corretor de im\u00f3veis vai al\u00e9m de fechar neg\u00f3cios. \u00c9 estar na linha de frente, mediando desejos e&hellip;<\/p>\n","protected":false},"author":3,"featured_media":2113,"template":"","meta":[],"_links":{"self":[{"href":"https:\/\/educa.homer.com.br\/index.php?rest_route=\/wp\/v2\/mto-course\/2106"}],"collection":[{"href":"https:\/\/educa.homer.com.br\/index.php?rest_route=\/wp\/v2\/mto-course"}],"about":[{"href":"https:\/\/educa.homer.com.br\/index.php?rest_route=\/wp\/v2\/types\/mto-course"}],"author":[{"embeddable":true,"href":"https:\/\/educa.homer.com.br\/index.php?rest_route=\/wp\/v2\/users\/3"}],"version-history":[{"count":3,"href":"https:\/\/educa.homer.com.br\/index.php?rest_route=\/wp\/v2\/mto-course\/2106\/revisions"}],"predecessor-version":[{"id":2114,"href":"https:\/\/educa.homer.com.br\/index.php?rest_route=\/wp\/v2\/mto-course\/2106\/revisions\/2114"}],"wp:featuredmedia":[{"embeddable":true,"href":"https:\/\/educa.homer.com.br\/index.php?rest_route=\/wp\/v2\/media\/2113"}],"wp:attachment":[{"href":"https:\/\/educa.homer.com.br\/index.php?rest_route=%2Fwp%2Fv2%2Fmedia&parent=2106"}],"curies":[{"name":"wp","href":"https:\/\/api.w.org\/{rel}","templated":true}]}}

Saber Imobiliário Dia 3 &#8211; Resumo

<p>Ser corretor de imóveis vai além de fechar negócios. É estar na linha de frente, mediando desejos e realidades, construindo pontes entre sonhos e conquistas tangíveis. É uma jornada que exige não apenas habilidades técnicas, mas também empatia, dedicação e visão.</p>
<p>A quinta edição do Saber Imobiliário chegou com o tema ‘Ser e Pertencer’, neste e-book você vai ter acesso ao resumo das palestras, com os principais insights e dicas sobre o mercado imobiliário. </p>
<h4 class="heading-3"><strong>Somos um produto! Destaque-se na prateleira do mercado.</strong></h4>
<div class="text-block-2">
<div class="div-line-point">Raquel Lacerda, com mais de 15 anos de mercado, é uma corretora e empreendedora de sucesso. Fundadora da imobiliária Sua Casa Digital, mulher e mãe, coleciona diversas vitórias e conquistas no mercado do Rio de Janeiro. Gerente campeã consecutiva por diversas empresas, hoje lidera um time próprio e seleto de corretores de alto padrão.</p>
<p>Raquel Lacerda falará para os corretores de imóveis como um profissional de sucesso se destaca e se posiciona no mercado de imóveis de luxo. Além disso, a importância de se tornar um corretor atrativo e valioso aos olhos dos clientes.</p>
</div>
</div>

<p>Ser corretor de imóveis vai além de fechar negócios. É estar na linha de frente, mediando desejos e&hellip;</p>
